Let j(i) be the first derivative of q(i). What is j(-13)?
-3
Let k(t) = t**2 + 9*t + 9. Let v be 17*6*3/(6/(-4)). Let w = 316 + v. Suppose -20*d = -6*d + w. Calculate k(d).
1
Let p(i) be the second derivative of i**5/20 + i**4/2 + i**3 + 7*i**2/2 + 3*i. Let m(t) = -6*t - 113. Let k be m(-18). What is p(k)?
2
Let p(u) = -u**3 + 15*u**2 + 6. Let x(l) = 2*l**3 - 29*l**2 + l - 9. Let f(t) = -11*p(t) - 6*x(t). Calculate f(8).
4
Let u(a) be the second derivative of -a**4/12 + 3*a**3 - 37*a**2/2 + 28*a + 13. Give u(15).
8
Suppose 3*n - 116 = -5*u + 263, 3*n = 5*u + 329. Let j = n - 110. Let f(p) = -2*p - 6. Give f(j).
-22
Let n = -543 - -344. Let v = n - -205. Let z(t) be the third derivative of -t**5/60 + t**4/3 - t**3/3 + 4*t**2. Determine z(v).
10
Let m(z) = 5 - 3*z**3 - 7*z + 2*z**3 - 2*z**2 + 7*z**2 - z**2. Suppose 5*x - 7*x = 16. Let n(i) = -i - 4. Let g be n(x). Calculate m(g).
-23
Suppose -4*h - 271*x + 272*x = 23, -3*x = -9*h - 48. Let p(q) = q**2 + q - 14. Determine p(h).
28
Let y(m) = -m**2 + 10*m + 3. Let d be 6 + (-32)/((-64)/(-8)). Suppose -q - d = q, 3*t - 2*q = 26. Calculate y(t).
19
Let c(a) = 23*a**2 + 16*a + 9. Let h(w) = 19*w**2 + 15*w + 12. Let f(t) = 5*c(t) - 6*h(t). Determine f(12).
-3
Let q(t) = t**2 + 8*t - 10. Let l(m) = -m**3 + 13*m**2 - m + 3. Let j be l(13). Give q(j).
10
Suppose -17*o + 16*o = 0. Let b(s) = 5*s**3 + 5*s + 16. Let y be (-48)/6 - (-8)/2. Let r(v) = -4*v**3 - 4*v - 16. Let g(x) = y*r(x) - 3*b(x). What is g(o)?
16
Let w(g) = g**3 + 3*g**2 - 3*g + 4. Let u(f) = -f**3 - 19*f**2 + 19*f - 24. Let o be u(-20). Calculate w(o).
0
Let r(q) be the third derivative of 0 + 1/24*q**4 + 11/6*q**3 + 29*q**2 - q. Let p be 235/(-20) - (-3)/4. Calculate r(p).
0
Suppose 31*r + 2 = 32*r. Let c(f) = -6*f - 5*f + 0*f - 2*f**r + 17*f. Determine c(4).
-8
Let t(c) = 4*c**3 + 9*c**2 - 16*c + 4. Let n(k) = -2*k**3 - k**2 + 8*k - 3. Let b(a) = -5*n(a) - 2*t(a). Calculate b(7).
0
Let j(z) be the first derivative of -z**2/2 - 4*z + 157. Suppose 4*y + 1 = 17. What is j(y)?
-8
Let g = -4408 + 4412. Let s(o) = 0*o**2 + 9 + 6*o + 3*o**2 + 0*o. Let m(c) = 2*c**2 + 5*c + 8. Let h(b) = g*m(b) - 3*s(b). What is h(5)?
-10
Let n(l) = -3*l**2 - 2*l + 7. Let f be n(0). Suppose -8*g = f*g + 105. Let c(p) = -p - 6*p**2 + 3*p**3 - p - 5 - 4*p**3 + 7*p. What is c(g)?
9
Let q(w) = 8*w + 16*w - w**2 - 30*w - 15 + 14*w. Let v be q(2). Let x(t) = -2*t - 1. Calculate x(v).
5
Let k(l) = 4*l - 7. Let y = 1638 + -1637. Give k(y).
-3
Let o(u) = -1160*u - 4648. Let m be o(-4). Let y = 11 + -8. Let l(p) = -2*p**2 - 8 + 8*p - p + y*p**2. Calculate l(m).
0
Let t(y) = -2*y + 8. Let u(c) = 4*c - 11. Let r(i) = -t(i) - u(i). Determine r(14).
-25
Suppose -4*c = -5*v - 25, 0 = 3*c - 5*v - 18 - 2. Let m be (-7)/c - 27/45. Let z(o) = 2*o - 2. Give z(m).
-6
Let t = -6322 - -6345. Let i(q) = q**3 - 22*q**2 - 26*q + 64. Give i(t).
-5
Let h(q) be the second derivative of -7*q**3/6 - 11*q**2 - 3908*q. Calculate h(-6).
20
Let a(f) = f**3 - 27*f**2 + 27*f - 35. Let r = -784 + 810. What is a(r)?
-9
Let n(w) = 4*w - 1. Suppose 2*u + 3*a - 13 = 0, 0*u + u + 21 = 4*a. Let s(z) = -z. Let c(r) = u*n(r) - 5*s(r). What is c(-7)?
-6
Let r(i) = -i**2 - 5*i + 1. Let m(l) be the first derivative of 2*l**2 - 24*l + 333. Let d = 2 + 3. Let v be m(d). Calculate r(v).
5
Suppose -21*p - 4*p - 2 = 123. Let m(o) = o**3 + 4*o**2 - 6*o - 1. What is m(p)?
4
Let i(l) = -4*l**2 + 6*l + 5. Let s(b) = -9*b**2 + 13*b + 10. Let n(r) = -5*i(r) + 2*s(r). Suppose -2*y + 6 = 5*u, -5*y + 54*u = 57*u - 15. Calculate n(y).
1
Let a(o) = 5*o - 67. Let n be a(19). Suppose 0 = 35*g - n*g - 42. Let u(p) = -p**2 + 6*p + 2. Calculate u(g).
2
Let h(v) = -v**2 + 6*v - 4. Let q(x) = 11*x + 1 + x**2 + 6 + x + 8. Let o = -33 + 22. Let f be q(o). What is h(f)?
4
Let t(k) be the second derivative of k**5/24 + k**4/24 - 25*k**3/6 + k**2/2 + 52*k. Let b(a) be the second derivative of t(a). Determine b(5).
26
Suppose -k + 2*s = -27, 0 = 2*k - 2*s + 28 - 74. Suppose y + 3*a - 8 = 0, -9 = 2*y - 18*a + k*a. Let l(g) = -g**3 - 6*g**2 + 7*g + 7. What is l(y)?
7
Suppose 4*i - 19 = 5*u, 4*u = -5*i + 3*u + 31. Suppose -17 = 4*t + 5*y, -2*t + 4*y + 30 = i. Let m(v) = -9 - 2*v + 8*v**2 - t + 12. Calculate m(1).
7
Let y(f) = f**2 - 2*f - 2. Suppose g + 0*t = -2*t, -2*g - 6 = -2*t. Let h be 7065/(-63) - ((-30)/14 + 2). Let b be (h/(-70))/(g/5). Determine y(b).
22
Let s(a) = -a**3 - 4*a**2 + 4*a. Let o be (-2)/(1/8*11/(-209)). Let z = o + -308. Determine s(z).
-16
Let f(h) be the first derivative of h**4/4 - 5*h**3/3 - 3*h**2/2 + 4*h + 1. Suppose -4*c - 38 = -t - 53, -2*t = 4*c - 30. Give f(t).
-11
Let o(u) = -u**2 - 7*u + 32. Let g be 54/(-189) - (-162)/(-21). What is o(g)?
24
Let b(c) = -450*c + 2650. Let l(m) = 50*m - 294. Let z(k) = 6*b(k) + 52*l(k). Give z(6).
12
Suppose -19*x = -13*x - 66. Suppose -29*d - 54 = -x*d. Let b(i) = -2*i**2 - 5*i - 4. What is b(d)?
-7
Let t(x) = x**3 + 5*x**2 + 6*x + 2. Let w be t(-2). Let p(c) = -c + c**2 - 2*c**w + 10*c + 5 + 2*c. Determine p(10).
15
Suppose -5*x - 14 + 69 = 0. Suppose -j - x = -4. Let b(z) = 0*z + 4*z - 10 - 6*z. Give b(j).
4
Let d(t) = 6*t**2 - 7*t + 1. Let w = -27280 - -27283. Calculate d(w).
34
Let k(u) = 210*u**2 - 8 - 73*u**2 - 162*u - 128*u**2. Determine k(18).
-8
Suppose 24*t = 14*t - 30. Let n(j) = -9*j**2 + 4*j**2 + j**2 - j**3 + j. Determine n(t).
-12
Let w = 0 - 0. Let i be (6 - -30) + 6 - (-11 + 7). Suppose w = 3*x - 28 + i. Let c(l) = l**2 + 6*l - 1. Give c(x).
-1
Let a be ((-27)/225)/(324/(-135)). Let f(z) be the second derivative of 0 - 2*z**2 + 5/3*z**3 - a*z**5 + 10*z - 5/6*z**4. What is f(-11)?
7
Suppose -3*l + 4*l = -3*g + 16, -4*g = 4*l - 32. Let h(i) be the first derivative of 16*i - 9*i + 19 + 2*i**2 - 11*i. Give h(g).
12
Let o = 255 + -256. Let q be ((-6)/12)/(-4*o/16). Let k(u) = u - 1 + 3 - 1 - 2*u**2 - u**3. What is k(q)?
-1
Suppose 0 = 12*q - 1084 + 3364. Let z be 4/(5/q*4). Let g be (z/8 - -5)*36. Let a(l) = l - 2. Determine a(g).
7
Let h(k) = -1 - 2*k + 23*k**2 - 42*k**2 + 17*k**2. Let c(g) = 6*g**2 - 2*g**2 + 2*g - 3 + 5 - g**2. Let v(y) = 4*c(y) + 5*h(y). Calculate v(3).
15
Let x(z) = 32*z**2 + 3*z + 10. Let q(p) = 21*p**2 + 2*p + 7. Let j(n) = -7*q(n) + 5*x(n). Let m(u) = -u**3 + 9*u**2 - 18*u - 11. Let h be m(5). Determine j(h).
13
Let r(k) = 15*k + 82. Let m(d) = -27*d - 150. Let i(q) = 6*m(q) + 11*r(q). Calculate i(2).
8
Let f(n) be the first derivative of -7/120*n**5 + 2*n**3 + 0*n - 1/24*n**4 + 10 + 0*n**2. Let q(o) be the third derivative of f(o). Determine q(-1).
6
Let w(y) be the second derivative of -y**6/360 + y**5/15 + 5*y**4/12 + 19*y**3/3 + 18*y - 5. Let s(t) be the second derivative of w(t). Calculate s(7).
17
Let u = 14 - 13. Let o(z) be the first derivative of z**6/90 + z**5/120 + 3*z**3 - 7. Let g(t) be the third derivative of o(t). Calculate g(u).
5
Let r = -13747 - -13750. Let q(y) = -2. Let g(p) = p - 16. Suppose 4 - 12 = -4*c. Let x(h) = c*g(h) - 18*q(h). Calculate x(r).
10
Let k be (-5)/(195/(-306)) + (-8)/(-52). Let v(d) = 20*d - k - 39*d + 6*d - d**2. Calculate v(-7).
34
Suppose 5*a - 2*y = 1262, 2*a - 3*y = 4*a - 501. Let c be a/(-117) - (-4)/26. Let u(w) = -5*w**2 + 1. Give u(c).
-19
Suppose 4*j = 2*m - 4, -2 + 17 = 3*m + 3*j. Let c(o) = m + 0*o - 5*o - 5*o + 2*o - 1. Give c(-3).
27
Let o(c) = -3*c**3 + 2*c**2 + 2*c - 2. Let r(f) = -18*f - 3. Let u be r(3). Suppose -1021*t + 1018*t = 6, 3*t + 124 = -2*p. Let h = p - u. What is o(h)?
26
Let t be (95/(-15) + 5)/((-10)/15). Let d(w) = 5*w**2 - 14*w**3 + w**3 - 6*w**t. Calculate d(1).
-14
Let m(f) = -12*f - 14 - 22 + 44 + f**2. Suppose 0 = -4*u + 4, -6*t - 70 = -2*t - 2*u. Let v(x) = -3*x**2 + 35*x - 22. Let k(q) = t*m(q) - 6*v(q). What is k(6)?
-4
Suppose -25*d - 558 = -19*d. Let k = -89 - d. Let n(c) = k*c - c + 0*c + 6 - 4*c. What is n(0)?
6
Let g(k) = -7 + 36 - 12 + 17*k - 10 - 8. Give g(4).
67
Suppose -10 = -3*l - 28. Let b(z) = -7*z**2 + z - 11. Let p(x) = 20*x**2 - 4*x + 32. Let t(a) = l*p(a) - 17*b(a). Let g = 38 - 34. Give t(g).
7
Suppose 0 = -15*a - 60 + 615. Suppose -5*b + a = 2*w, w - 2*b + 0*b = 5. Let x(c) = -c + 12. Calculate x(w).
1
Let t(y) = 6*y**2 - 2*y**2 - y**2 - 9*y**2 + 8*y**2 - 16*y - 73. What is t(11)?
-7
Let l(f) = -f**3 - 2*f**2 - 2*f + 1. Let h = 46 + -5